n. Does 12 divide q?
False
Suppose -m + 5*f + 31 + 18 = 0, 2*m + 3*f = 59. Suppose -2*x = -4*x + m. Is 10 a factor of x?
False
Let m be -3*(-6)/(-9) + 50. Suppose -3*f + m + 162 = 0. Does 20 divide f?
False
Suppose -25 = 4*s - 5, 5*c + 5*s = -25. Suppose c = 5*u - 4*d - 177, 0 = 2*u - 4*d - 46 - 32. Does 11 divide u?
True
Is 65 a factor of (2226 + 11)/((-3)/(-6))?
False
Let o be 18/(-81) - 22/(-18). Suppose -47 = -5*p + n, p + 1 = 4*n - o. Is 6 a factor of p?
False
Let l(q) = -q**2 + 3. Let z be l(0). Suppose -z*s - 13 = 5*g, -3*s - 2*g - 11 = 5. Let r(y) = y**3 + 8*y**2 + 11*y + 5. Is r(s) a multiple of 2?
False
Let q(g) = 4*g + 14. Let u(o) = 9*o + 28. Let f(s) = 5*q(s) - 2*u(s). Let y be f(-10). Let n = 17 + y. Is n a multiple of 5?
False
Suppose -3*r + 3*v + 17 = -7, 0 = -4*v - 12. Suppose r*l - 2133 = 1077. Does 13 divide 1/4 - l/(-24)?
False
Let a = -7 - -11. Let p(d) = 15*d - 4. Does 9 divide p(a)?
False
Let o = 11 + -9. Let t be o/14 + (-3144)/(-42). Suppose -7*l = -12*l + t. Is l a multiple of 15?
True
Let j = -95 + 79. Is (52/j - -3) + 85/4 a multiple of 7?
True
Let n be -3 - -5 - (-4 - -7 - -552). Let o = n + 976. Is o a multiple of 39?
False
Let r(h) be the third derivative of -h**5/60 + 5*h**4/6 - 11*h**3/3 - 22*h**2. Is 6 a factor of r(7)?
False
Let l(j) = -j**3 - j**2 - 2*j - 4. Let w be l(-2). Suppose -4*d - 2*m = -29 - 19, w*d - 3*m - 38 = 0. Is d a multiple of 9?
False
Is 2460/(1*(1 + (-6)/(-12))) a multiple of 44?
False
Suppose 3*v - 90 + 18 = 0. Let f be v/(-16) + (-182)/(-4). Suppose f = a - 0*t + 2*t, 2*a - 90 = -2*t. Does 12 divide a?
False
Suppose 2*l + 2 = -2*l - 2*b, 3*l - 4*b + 18 = 0. Let u be ((-27)/4)/(l/(-8)). Is 13 a factor of (-6)/u - 696/(-27)?
True
Suppose 4*p + 36 = -56. Let h = 36 + p. Is h a multiple of 4?
False
Let t = 75 + -92. Let f = t + 21. Does 4 divide f?
True
Suppose o - 12 = -3*o. Let y = 0 + o. Suppose y = 3*g - 132. Does 14 divide g?
False
Suppose -8*m - 6 - 18 = 0. Let a(d) = -39*d + 8. Does 25 divide a(m)?
True
Is 7 a factor of (-21)/((-2)/((-108)/(-6)))?
True
Let i = -43 - -19. Let n = i + 78. Is 14 a factor of n?
False
Let a be ((-4)/(-6))/(16/10152). Is 13 a factor of a/6 - (-6)/(-12)?
False
Let r(j) = -10*j - 4. Let a be r(-3). Suppose -3*g + 6*y - 2*y + 3 = 0, 2*y = 6. Suppose -g*k + 234 = -a. Is k a multiple of 13?
True
Suppose 3*c + 12 = 0, q + 2*c - 137 = 16. Does 6 divide q?
False
Let l(h) = 20*h - 24. Does 8 divide l(8)?
True
Is (-10)/2 - (-51 - (-3 - -12)) a multiple of 11?
True
Suppose -3*o + 1 = -8. Let h be (-2)/(8/(-68)) + o. Does 5 divide h/(-110) + 114/22?
True
Let z(d) = -17*d + 3. Let n(f) = 1. Let x(o) = 2*n(o) - z(o). Does 17 divide x(3)?
False
Let b(j) = 15*j + 240. Does 13 divide b(23)?
True
Suppose -5*i + 10*i = -725. Let v = 254 + i. Let d = -70 + v. Is d a multiple of 12?
False
Let p(m) = 176 - 6*m + 2*m - m - 175. Suppose 0*c + 3 = -3*c. Is p(c) a multiple of 3?
True
Suppose -4*c + 5*c - 4*h = 26, 6 = -c - 4*h. Suppose 0 = 3*f + 2*f + 15. Let q = f + c. Does 5 divide q?
False
Let h = 1382 - 365. Is 25 a factor of h?
False
Suppose -5*y = -4*z - 1695, -4*z = 3*y - z - 990. Does 42 divide y?
False
Let k = -44 + 43. Does 40 divide 2405/15 + (-6)/(-9) + k?
True
Suppose -3*s = -3*b - s + 8522, 0 = -4*b + 5*s + 11365. Does 71 divide b?
True
Suppose 3*z - 842 = -4*t - 73, -z - 4*t + 243 = 0. Is 45 a factor of z?
False
Let x be (0 + 1)*(4 - 2). Let m(w) = -w**x - 3*w + 12 - 8*w - 3*w. Does 4 divide m(-14)?
True
Let m be 50/15*(-3)/(-2). Suppose 2 - 10 = -4*c, -m*c = 3*r - 100. Is 10 a factor of r?
True
Suppose -4*y + 18*d = 22*d - 6880, 3*y + 4*d - 5165 = 0. Is y a multiple of 49?
True
Suppose -5*g = -1 - 9. Let o be (0 + g)*(-13)/(-2). Suppose 3*y - 5 - o = 0. Is y a multiple of 3?
True
Suppose -26*x = -28*x + 114. Suppose 0 = -56*k + x*k - 51. Is k a multiple of 9?
False
Let u(h) = -2*h**3 + 63*h**2 + 34*h - 18. Is u(32) a multiple of 5?
False
Suppose 2*f + 0*f = 3*f. Is 8 a factor of ((-221)/(-51))/((-2)/(-12) - f)?
False
Suppose 2*m = -3*m + 55. Let b(g) = g**2 - 12*g + 4. Let l be b(m). Let f(u) = 2*u**2 + 5*u - 14. Is 14 a factor of f(l)?
False
Let n(f) be the first derivative of 133*f**2/2 + 5*f - 14. Is n(2) a multiple of 21?
False
Let r = -21 - -24. Suppose -r*v + 8 = v. Suppose -3*n - 5*j + 86 = n, 5*n - 116 = -v*j. Is 12 a factor of n?
True
Suppose -5*q + r = -2*q - 222, 0 = q + 2*r - 67. Suppose 5*z = 458 - q. Is z a multiple of 14?
False
Suppose -3*k + 1075 = 5*p - 1190, 0 = -p + 3. Does 25 divide k?
True
Let n(s) be the third derivative of 1/24*s**4 + 0*s**5 + 2/15*s**6 + 0*s**3 + 0 - 5*s**2 + 0*s. Does 11 divide n(1)?
False
Does 19 divide 57/(1*9/42)?
True
Suppose 100*y + 25344 = 122*y. Is y a multiple of 11?
False
Let b = 336 + -297. Is 13 a factor of b?
True
Suppose 0 = -h + 32 - 11. Let c be (-90)/(-12) + (-6)/(-4). Let f = h + c. Is f a multiple of 10?
True
Suppose -279 = -2*n + 5*v, -n = 4*n - 5*v - 720. Let a = n + -94. Is 13 a factor of a?
False
Suppose 30*p = 26*p - 76. Let s = p - -74. Does 17 divide s?
False
Suppose -2740 = 6*q - 10*q. Suppose -q = -8*c + 723. Is 22 a factor of c?
True
Suppose 7*d - 15 = 13. Suppose -2*p + d = -0*p. Is 2 a factor of p?
True
Does 9 divide (((-2)/(-3))/1)/(4/3186)?
True
Suppose 3*h = 5*o - 90, 5*o - 3*h + 6*h = 60. Let g(i) = i**2 - 7*i - 8. Does 8 divide g(o)?
True
Suppose -13*y = -8*y - 15. Suppose 2*i - 992 = -5*t, y*t - 2*i = -i + 604. Is 25 a factor of t?
True
Let b = -1841 - -2589. Is 34 a factor of b?
True
Let c(x) = -2*x**2 + 132*x + 106. Is 44 a factor of c(47)?
True
Let m be ((-10)/6)/((-6)/18). Suppose -m*d + d = 12. Is d*(0 - (-62)/(-6)) a multiple of 7?
False
Let f(s) = -s**2 - 5*s - 2. Let i = 4 - -3. Let l = i + -10. Does 3 divide f(l)?
False
Does 25 divide (16 - (0 + 9)) + 1546?
False
Suppose -319 - 1371 = -5*f + k, 3*f + 2*k = 1001. Is f a multiple of 5?
False
Let j(n) = -n**2 - 9*n - 1. Let u be j(-6). Suppose 0 = -r + b - u, 4*r - 3*b + b = -76. Is (r/(-6))/((-1)/(-2)) a multiple of 3?
False
Let j(w) = w**2 - 10*w - 46. Does 37 divide j(-11)?
True
Let f = -60 - -111. Let x = f + -43. Does 5 divide x?
False
Suppose 13*k - 132 = 7*k. Is 3 a factor of k?
False
Let o be -1 + 1/2 + (-1617)/(-14). Let t = -39 + o. Is t a multiple of 24?
False
Let z = -196 + 289. Is 3 a factor of z?
True
Is 44 a factor of 837/1 + (7 - -1 - 9)?
True
Suppose -5*t = 5*l - 15, 0 = 5*t - 0 - 5. Let k(u) = -5 - 10*u + 6 + l + 6*u**2 + u**3. Is 12 a factor of k(-7)?
True
Suppose -3*z = -3*y - 789, z + 3*y + 140 = 395. Is 16 a factor of z?
False
Let l = -10 - -13. Suppose 4*z = -l*a + z + 135, 0 = a - z - 35. Is 15 a factor of a?
False
Let x be ((-7)/(-14)*-7)/((-2)/8). Is (x/4)/((1 - -3)/56) a multiple of 14?
False
Suppose m = -4*v - 4, 2*v + 7*m - 3*m = 12. Let d be (9/(-6))/3*v. Let n = d - -7. Does 8 divide n?
True
Let j(b) = -17*b**2 + 5*b - 11. Let u(a) = -8*a**2 + 2*a - 5. Let x(c) = -4*j(c) + 9*u(c). Let h be x(-4). Let g = h - -138. Is 27 a factor of g?
True
Let b(q) = 8*q**2 + 31*q + 10. Is 4 a factor of b(-13)?
False
Let l(n) = 1. Let s(y) = y - 7. Let p(r) = -5*l(r) - s(r). Is 7 a factor of p(-5)?
True
Suppose -17 = -3*s + 2*w, 2*w = -7*s + 2*s + 7. Suppose s*x - 23 = 58. Suppose g - x = -2*j, -4*j + j + 21 = -5*g. Is 12 a factor of j?
True
Suppose 4*n = 45*n - 5740. Does 10 divide n?
True
Suppose 10*z = -44*z + 111078. Is 17 a factor of z?
True
Suppose 12*c - 48 = 24*c. Let f(j) = -4*j + 2. Let u be f(-5). Let b = u + c. Does 15 divide b?
False
Let y be (0/(-6))/(-1*1). Let r be 3 + (y - (-2)/2). Suppose 0 = 5*u + 5*c - 120, 2*u + r*c - 1 = 53. Does 6 divide u?
False
Let m(x) = 4*x**2 - 4*x - 14. Let n be m(7). Suppose 2*t - 2*g - n = 0, -2*t + 0*t = 3*g - 169. Does 22 divide t?
False
Let x(m) = -m**2 - 8*m - 2. Let r be x(-6). Suppose -5*b = 4*k + r - 38, 3*k + 41 = 4*b. Does 8 divide b?
True
Suppose -3*u + 2*g = -111, -5*g + 8*g + 186 = 5*u. Does 5 divide u?
False
Let p(s) = s - 4. Let o be p(-3). Let q(f) = -f**3 - 5*f**2 - 6*f - 3. Let t be q(o). Let r = t + -71. Is r a multiple of 21?
False
Let y(h) = 4*h**2 + h - 5. Let v = -42 - -39. Is y(v) a multiple of 14?
True
Suppose j - 340 = -m, 58*m - 54*m = j + 1375. Is 2 a factor of m?
False
Let s(j) = 2*j**2 + 30. Is 12 a factor of s(10)?
False
Let g(r) = -r. Let 